4) in base 15?
1
3 (base 8) to base 15
3
Convert 400 (base 6) to base 16.
90
21 (base 5) to base 10
11
What is -22 (base 14) in base 4?
-132
-1111 (base 2) to base 3
-120
What is -2010 (base 3) in base 4?
-321
What is -22 (base 10) in base 13?
-19
What is 120 (base 4) in base 11?
22
What is -1120 (base 3) in base 16?
-2a
Convert 6 (base 10) to base 12.
6
-1312 (base 4) to base 2
-1110110
Convert -16 (base 10) to base 16.
-10
What is -1 (base 15) in base 3?
-1
-14c (base 13) to base 15
-108
0 (base 3) to base 7
0
-b1 (base 16) to base 5
-1202
0 (base 16) to base 14
0
4 (base 5) to base 11
4
What is 101101 (base 2) in base 12?
39
0 (base 13) to base 6
0
Convert -1 (base 6) to base 9.
-1
3 (base 7) to base 8
3
What is -80 (base 10) in base 15?
-55
What is -21022 (base 3) in base 7?
-401
1010010 (base 2) to base 3
10001
What is -237 (base 9) in base 3?
-21021
What is 3 (base 7) in base 10?
3
c (base 16) to base 10
12
Convert 1a (base 14) to base 15.
19
What is 9 (base 12) in base 2?
1001
12 (base 4) to base 15
6
What is 3 (base 16) in base 15?
3
What is 2 (base 15) in base 6?
2
-1 (base 15) to base 5
-1
What is -132 (base 5) in base 6?
-110
Convert 9 (base 14) to base 12.
9
Convert -b0 (base 13) to base 3.
-12022
3 (base 12) to base 10
3
Convert -110 (base 8) to base 6.
-200
Convert -1 (base 15) to base 7.
-1
What is -3 (base 8) in base 6?
-3
What is -1 (base 15) in base 2?
-1
-244 (base 7) to base 15
-8a
What is 18 (base 10) in base 6?
30
What is 11 (base 5) in base 12?
6
-14 (base 11) to base 4
-33
What is 49 (base 14) in base 9?
72
What is -2 (base 4) in base 13?
-2
Convert -23 (base 15) to base 6.
-53
What is -9 (base 11) in base 9?
-10
Convert -1a9 (base 14) to base 2.
-101011001
Convert 4 (base 7) to base 2.
100
What is 430 (base 7) in base 13?
139
-57 (base 15) to base 11
-75
What is -1100 (base 3) in base 6?
-100
64 (base 13) to base 14
5c
What is 7 (base 16) in base 10?
7
Convert 10 (base 8) to base 11.
8
What is 0 (base 8) in base 12?
0
Convert -a4 (base 14) to base 4.
-2100
-3 (base 16) to base 14
-3
8c (base 14) to base 5
444
-4 (base 12) to base 10
-4
312 (base 4) to base 7
105
33 (base 6) to base 16
15
Convert -4 (base 6) to base 10.
-4
-12121 (base 3) to base 15
-a1
Convert 9 (base 16) to base 14.
9
Convert -73 (base 14) to base 4.
-1211
Convert -21 (base 3) to base 14.
-7
Convert -111 (base 14) to base 4.
-3103
Convert -67 (base 8) to base 16.
-37
121 (base 3) to base 11
15
Convert 10 (base 8) to base 12.
8
Convert 54 (base 16) to base 5.
314
What is -4 (base 13) in base 15?
-4
Convert 6 (base 14) to base 5.
11
Convert -1001 (base 2) to base 12.
-9
What is 1c (base 15) in base 10?
27
20 (base 3) to base 5
11
11111110 (base 2) to base 11
211
-22 (base 13) to base 11
-26
1 (base 13) to base 10
1
What is -6 (base 7) in base 3?
-20
What is -1 (base 16) in base 12?
-1
Convert a3 (base 15) to base 7.
306
-5 (base 10) to base 15
-5
Convert 7 (base 16) to base 15.
7
100110011 (base 2) to base 15
157
What is 110 (base 3) in base 4?
30
-2 (base 16) to base 11
-2
What is -10101 (base 2) in base 7?
-30
Convert -104 (base 5) to base 8.
-35
What is 0 (base 11) in base 5?
0
Convert 23 (base 5) to base 11.
12
83 (base 9) to base 2
1001011
What is -123 (base 7) in base 12?
-56
Convert 76 (base 16) to base 3.
11101
161 (base 13) to base 15
118
What is -110101 (base 2) in base 14?
-3b
Convert -25 (base 7) to base 13.
-16
What is -32 (base 4) in base 11?
-13
Convert 107 (base 14) to base 4.
3023
-9d (base 16) to base 13
-c1
37 (base 10) to base 11
34
What is -100 (base 2) in base 5?
-4
Convert -111 (base 5) to base 9.
-34
343 (base 7) to base 3
20121
Convert -9 (base 15) to base 9.
-10
Convert -5 (base 8) to base 3.
-12
11 (base 6) to base 15
7
Convert 4 (base 5) to base 16.
4
Convert 1001 (base 2) to base 15.
9
1032 (base 6) to base 13
152
-5a (base 15) to base 3
-10011
What is 2a (base 13) in base 12?
30
1c (base 13) to base 10
25
What is 31 (base 4) in base 10?
13
What is 22 (base 3) in base 12?
8
Convert 31 (base 4) to base 15.
d
14 (base 13) to base 15
12
-1 (base 8) to base 14
-1
Convert -8a (base 16) to base 11.
-116
-1 (base 5) to base 3
-1
What is -7 (base 8) in base 5?
-12
-1021 (base 3) to base 16
-22
44 (base 11) to base 14
36
Convert 3 (base 5) to base 10.
3
What is 45 (base 11) in base 3?
1211
Convert -7 (base 12) to base 7.
-10
Convert -36 (base 8) to base 10.
-30
-11 (base 3) to base 8
-4
Convert -11 (base 7) to base 6.
-12
What is -12 (base 5) in base 2?
-111
Convert 2 (base 13) to base 2.
10
Convert 0 (base 16) to base 14.
0
6 (base 12) to base 6
10
What is -2 (base 5) in base 2?
-10
10 (base 15) to base 5
30
-8 (base 12) to base 7
-11
What is 3 (base 13) in base 14?
3
What is 101211 (base 3) in base 5?
2132
Convert 268 (base 12) to base 5.
2433
What is 101111001 (base 2) in base 9?
458
-5b (base 13) to base 14
-56
What is 13 (base 7) in base 8?
12
Convert -101120 (base 3) to base 13.
-18c
What is d5 (base 16) in base 4?
3111
Convert 1 (base 15) to base 13.
1
Convert 8 (base 10) to base 5.
13
What is 220 (base 3) in base 10?
24
What is 13 (base 15) in base 6?
30
Convert 13 (base 15) to base 5.
33
What is 3 (base 4) in base 12?
3
What is -211 (base 3) in base 7?
-31
What is -1311 (base 4) in base 14?
-85
What is -1a (base 15) in base 16?
-19
17 (base 16) to base 9
25
What is 1302 (base 4) in base 15?
79
What is -9 (base 10) in base 11?
-9
Convert -1 (base 7) to base 9.
-1
Convert -1 (base 7) to base 5.
-1
Convert 63 (base 9) to base 5.
212
Convert 28 (base 9) to base 7.
35
-1 (base 9) to base 6
-1
Convert -3 (base 9) to base 10.
-3
5 (base 16) to base 13
5
26 (base 13) to base 16
20
What is -b (base 14) in base 10?
-11
What is -2 (base 5) in base 4?
-2
-4 (base 14) to base 7
-4
What is -10 (base 3) in base 11?
-3
What is 11 (base 2) in base 8?
3
-29 (base 15) to base 6
-103
What is -e (base 16) in base 10?
-14
-2 (base 4) to base 5
-2
0 (base 11) to base 6
0
3 (base 5) to base 15
3
Convert 1 (base 5) to base 16.
1
What is -105 (base 9) in base 11?
-79
Convert -4 (base 6) to base 15.
-4
Convert 5a (base 11) to base 5.
230
What is 10 (base 5) in base 3?
12
Convert 3 (base 5) to base 11.
3
Convert -100000110 (base 2) to base 9.
-321
3 (base 9) to base 13
3
Convert -3b (base 13) to base 5.
-200
Convert -2 (base 16) to base 7.
-2
What is -88 (base 9) in base 6?
-212
Convert 134 (base 5) to base 2.
101100
Convert -7 (base 13) to base 16.
-7
44 (base 5) to base 2
11000
What is 22 (base 6) in base 14?
10
-114 (base 5) to base 14
-26
Convert -10 (base 5) to base 4.
-11
-1303 (base 4) to base 11
-a5
What is 31 (base 10) in base 8?
37
What is 20 (base 8) in base 15?
11
Convert 405 (base 9) to base 16.
149
33 (base 5) to base 3
200
-2 (base 11) to base 16
-2
Convert -144 (base 5) to base 10.
-49
100 (base 2) to base 3
11
39 (base 12) to base 13
36
-31 (base 8) to base 5
-100
-3 (base 6) to base 10
-3
-110011 (base 2) to base 5
-201
a4 (base 12) to base 2
1111100
Convert -17 (base 12) to base 14.
-15
Convert 11 (base 9) to base 5.
20
What is -11 (base 3) in base 12?
-4
What is -21 (base 14) in base 15?
-1e
What is -1 (base 14) in base 2?
-1
What is -6 (base 9) in base 13?
-6
What is 7 (base 12) in base 8?
7
4 (base 6) to base 14
4
a (base 14) to base 16
a
What is -3013 (base 4) in base 2?
-11000111
-33 (base 5) to base 8
-22
5 (base 7) to base 10
5
What is 14 (base 6) in base 9?
11
362 (base 10) to base 8
552
Convert 111222 (base 3) to base 7.
1046
-120 (base 3) to base 4
-33
What is 140 (base 6) in base 16?
3c
21 (base 8) to base 4
101
-111001 (base 2) to base 3
-2010
What is 32 (base 5) in base 8?
21
4 (base 15) to base 3
11
What is 104 (base 6) in base 5?
130
-2 (base 5) to base 13
-2
What is 12 (base 7) in base 3?
100
Convert 14 (base 11) to base 2.
1111
210 (base 5) to base 14
3d
Convert 120 (base 11) to base 16.
8f
-3 (base 11) to base 5
-3
Convert -3 (base 13) to base 2.
-11
-78 (base 11) to base 13
-67
Convert -12 (base 3) to base 4.
-11
What is -8 (base 9) in base 5?
-13
What is -36 (base 15) in base 10?
-51
Convert -7 (base 16) to base 12.
-7
Convert 13 (base 7) to base 4.
22
Convert -1b (base 16) to base 12.
-23
-4 (base 15) to base 14
-4
-9 (base 16) to base 7
-12
4 (base 9) to base 4
10
Convert -111 (base 2) to base 13.
-7
Conver